{"id":150,"date":"2019-09-12T19:14:30","date_gmt":"2019-09-12T17:14:30","guid":{"rendered":"http:\/\/www.clg-daubigny-auvers.ac-versailles.fr\/?page_id=150"},"modified":"2025-05-22T17:25:15","modified_gmt":"2025-05-22T15:25:15","slug":"equipes","status":"publish","type":"page","link":"https:\/\/clg-daubigny-auvers.ac-versailles.fr\/?page_id=150","title":{"rendered":"Equipes"},"content":{"rendered":"<h4>Direction<\/h4>\n<ul>\n<li>Principale : Madame BESSIERE<\/li>\n<li>Principale adjointe : Madame LETAILLEUR<\/li>\n<li>Gestionnaire : Madame ASSEUM<\/li>\n<\/ul>\n<h4>Secr\u00e9tariat<\/h4>\n<ul>\n<li>Secr\u00e9tariat de direction\/Secr\u00e9tariat \u00e9l\u00e8ves : Madame HOFFMANN<\/li>\n<li>Secr\u00e9tariat d&rsquo;intendance : Madame AISSA<\/li>\n<\/ul>\n<h4>Vie scolaire<\/h4>\n<ul>\n<li>CPE : Madame HARLET<\/li>\n<li>PsyEN : Madame LEBOUCHER<\/li>\n<li>Surveillants :<\/li>\n<\/ul>\n<h4>\u00c9quipe p\u00e9dagogique<\/h4>\n<ul>\n<li style=\"list-style-type: none\">\n<ul>\n<li>Allemand : Madame POT,<\/li>\n<li>Anglais : Madame ALLEAUME, Madame SCHMITTER-TUAL, Madame BOES<\/li>\n<li>Arts plastique : Madame PERDEREAU,<\/li>\n<li>E.P.S. : Monsieur FERTONANI, Madame HUARD, Madame LAURENCE, Monsieur PISTIEN,<\/li>\n<li>Education musicale : Monsieur NEUMANN,<\/li>\n<li>Espagnol : Madame ANDONI, Madame FERNANDEZ BILBAO,<\/li>\n<li>Histoire-G\u00e9ographie-EMC : Madame ANDRIEU, Monsieur VRIGNAUD, Monsieur TOURNAIRE,<\/li>\n<li>Lettres : Madame COULIBALY, Madame DA SILVA, Madame MANGERET, Madame TASSERY,<\/li>\n<li>Math\u00e9matiques : Madame DOUCET, Monsieur MOREL, Madame SEZILLE, Monsieur YAM,<\/li>\n<li>Professeur Documentaliste : Madame BA\u00cfCHE,<\/li>\n<li>Sciences de la Vie et de la Terre : Monsieur ALVAREZ, Madame DRIEL<\/li>\n<li>Sciences Physique-Chimie : Monsieur GILLET,<\/li>\n<li>Technologie : Monsieur LEROUX<\/li>\n<\/ul>\n<\/li>\n<\/ul>\n","protected":false},"excerpt":{"rendered":"<p>Direction Principale : Madame BESSIERE Principale adjointe : Madame LETAILLEUR Gestionnaire : Madame ASSEUM Secr\u00e9tariat Secr\u00e9tariat de direction\/Secr\u00e9tariat \u00e9l\u00e8ves :<\/p>\n","protected":false},"author":2773,"featured_media":0,"parent":0,"menu_order":0,"comment_status":"closed","ping_status":"closed","template":"","meta":{"colormag_page_container_layout":"default_layout","colormag_page_sidebar_layout":"default_layout","_mc_calendar":[],"footnotes":""},"class_list":["post-150","page","type-page","status-publish","hentry"],"_links":{"self":[{"href":"https:\/\/clg-daubigny-auvers.ac-versailles.fr\/index.php?rest_route=\/wp\/v2\/pages\/150","targetHints":{"allow":["GET"]}}],"collection":[{"href":"https:\/\/clg-daubigny-auvers.ac-versailles.fr\/index.php?rest_route=\/wp\/v2\/pages"}],"about":[{"href":"https:\/\/clg-daubigny-auvers.ac-versailles.fr\/index.php?rest_route=\/wp\/v2\/types\/page"}],"author":[{"embeddable":true,"href":"https:\/\/clg-daubigny-auvers.ac-versailles.fr\/index.php?rest_route=\/wp\/v2\/users\/2773"}],"replies":[{"embeddable":true,"href":"https:\/\/clg-daubigny-auvers.ac-versailles.fr\/index.php?rest_route=%2Fwp%2Fv2%2Fcomments&post=150"}],"version-history":[{"count":6,"href":"https:\/\/clg-daubigny-auvers.ac-versailles.fr\/index.php?rest_route=\/wp\/v2\/pages\/150\/revisions"}],"predecessor-version":[{"id":2188,"href":"https:\/\/clg-daubigny-auvers.ac-versailles.fr\/index.php?rest_route=\/wp\/v2\/pages\/150\/revisions\/2188"}],"wp:attachment":[{"href":"https:\/\/clg-daubigny-auvers.ac-versailles.fr\/index.php?rest_route=%2Fwp%2Fv2%2Fmedia&parent=150"}],"curies":[{"name":"wp","href":"https:\/\/api.w.org\/{rel}","templated":true}]}}