{"id":185,"date":"2019-09-12T20:00:04","date_gmt":"2019-09-12T18:00:04","guid":{"rendered":"http:\/\/www.clg-daubigny-auvers.ac-versailles.fr\/?page_id=185"},"modified":"2024-04-21T19:33:31","modified_gmt":"2024-04-21T17:33:31","slug":"bienvenue","status":"publish","type":"page","link":"https:\/\/clg-daubigny-auvers.ac-versailles.fr\/","title":{"rendered":"Bienvenue"},"content":{"rendered":"<p>Vous \u00eates sur la page d&rsquo;accueil du nouveau site internet du <strong>coll\u00e8ge Charles-Fran\u00e7ois Daubigny<\/strong> . Vous trouverez sur ce site, toutes les informations relatives \u00e0 la scolarit\u00e9 de votre enfant dans notre \u00e9tablissement. Ce site permettra aussi de valoriser tous les projets et actions men\u00e9s par la communaut\u00e9 \u00e9ducative.<\/p>\n<h3><span style=\"color: #3366ff\">Informations<\/span><\/h3>\n<p>Le site est en cours de modification.<\/p>\n<h3><span style=\"color: #3366ff\">Actualit\u00e9s<\/span><\/h3>\n<p><strong>Voici les articles les plus r\u00e9cents publi\u00e9s dans les diverses cat\u00e9gories du site.<\/strong><\/p>\n<div class=\"pt-cv-wrapper\"><div class=\"pt-cv-view pt-cv-grid pt-cv-colsys\" id=\"pt-cv-view-ba14006ine\"><div data-id=\"pt-cv-page-1\" class=\"pt-cv-page\" data-cvc=\"2\"><div class=\"col-md-6 col-sm-6 col-xs-12 pt-cv-content-item pt-cv-1-col\" ><div class='pt-cv-ifield'><a href=\"https:\/\/clg-daubigny-auvers.ac-versailles.fr\/?p=2522\" class=\"_self pt-cv-href-thumbnail pt-cv-thumb-default\" target=\"_self\" ><img loading=\"lazy\" decoding=\"async\" width=\"300\" height=\"212\" src=\"https:\/\/clg-daubigny-auvers.ac-versailles.fr\/wp-content\/uploads\/sites\/440\/2026\/03\/scan@solutions-ib.com_20260319_151728-1-300x212.png\" class=\"pt-cv-thumbnail\" alt=\"\" srcset=\"https:\/\/clg-daubigny-auvers.ac-versailles.fr\/wp-content\/uploads\/sites\/440\/2026\/03\/scan@solutions-ib.com_20260319_151728-1-300x212.png 300w, https:\/\/clg-daubigny-auvers.ac-versailles.fr\/wp-content\/uploads\/sites\/440\/2026\/03\/scan@solutions-ib.com_20260319_151728-1.png 630w\" sizes=\"auto, (max-width: 300px) 100vw, 300px\" \/><\/a>\n<h4 class=\"pt-cv-title\"><a href=\"https:\/\/clg-daubigny-auvers.ac-versailles.fr\/?p=2522\" class=\"_self\" target=\"_self\" >Semaines de sensibilisation aux handicaps du 23 mars au 3 avril 2026<\/a><\/h4>\n<div class=\"pt-cv-content\">Les semaines de sensibilisation aux handicaps ont d\u00e9but\u00e9 hier, lundi 23 mars, et se poursuivront jusqu\u2019au vendredi 3 avril 2026 ...<br \/><div class=\"pt-cv-rmwrap\"><a href=\"https:\/\/clg-daubigny-auvers.ac-versailles.fr\/?p=2522\" class=\"_self pt-cv-readmore btn btn-success\" target=\"_self\">Lire la suite\u2026<\/a><\/div><\/div><\/div><\/div>\n<div class=\"col-md-6 col-sm-6 col-xs-12 pt-cv-content-item pt-cv-1-col\" ><div class='pt-cv-ifield'><a href=\"https:\/\/clg-daubigny-auvers.ac-versailles.fr\/?p=2513\" class=\"_self pt-cv-href-thumbnail pt-cv-thumb-default\" target=\"_self\" ><img loading=\"lazy\" decoding=\"async\" width=\"300\" height=\"143\" src=\"https:\/\/clg-daubigny-auvers.ac-versailles.fr\/wp-content\/uploads\/sites\/440\/2026\/03\/IMG_6797-1-300x143.jpeg\" class=\"pt-cv-thumbnail\" alt=\"\" srcset=\"https:\/\/clg-daubigny-auvers.ac-versailles.fr\/wp-content\/uploads\/sites\/440\/2026\/03\/IMG_6797-1-300x143.jpeg 300w, https:\/\/clg-daubigny-auvers.ac-versailles.fr\/wp-content\/uploads\/sites\/440\/2026\/03\/IMG_6797-1-1180x561.jpeg 1180w, https:\/\/clg-daubigny-auvers.ac-versailles.fr\/wp-content\/uploads\/sites\/440\/2026\/03\/IMG_6797-1-768x365.jpeg 768w, https:\/\/clg-daubigny-auvers.ac-versailles.fr\/wp-content\/uploads\/sites\/440\/2026\/03\/IMG_6797-1-1536x731.jpeg 1536w, https:\/\/clg-daubigny-auvers.ac-versailles.fr\/wp-content\/uploads\/sites\/440\/2026\/03\/IMG_6797-1-2048x974.jpeg 2048w\" sizes=\"auto, (max-width: 300px) 100vw, 300px\" \/><\/a>\n<h4 class=\"pt-cv-title\"><a href=\"https:\/\/clg-daubigny-auvers.ac-versailles.fr\/?p=2513\" class=\"_self\" target=\"_self\" >VTT : 2 titres de champion du Val d&rsquo;Oise UNSS et une belle 3\u00e8me place !<\/a><\/h4>\n<div class=\"pt-cv-content\">\ud83c\udfc1 Belle journ\u00e9e pour les v\u00e9t\u00e9tistes d\u2019Auvers ! \ud83d\udeb4\u200d\u2642\ufe0f\ud83c\udf33 Ce mercredi 18 mars, nos \u00e9l\u00e8ves ont particip\u00e9 au championnat UNSS ...<br \/><div class=\"pt-cv-rmwrap\"><a href=\"https:\/\/clg-daubigny-auvers.ac-versailles.fr\/?p=2513\" class=\"_self pt-cv-readmore btn btn-success\" target=\"_self\">Lire la suite\u2026<\/a><\/div><\/div><\/div><\/div>\n<div class=\"col-md-6 col-sm-6 col-xs-12 pt-cv-content-item pt-cv-1-col\" ><div class='pt-cv-ifield'><a href=\"https:\/\/clg-daubigny-auvers.ac-versailles.fr\/?p=2505\" class=\"_self pt-cv-href-thumbnail pt-cv-thumb-default\" target=\"_self\" ><img loading=\"lazy\" decoding=\"async\" width=\"300\" height=\"164\" src=\"https:\/\/clg-daubigny-auvers.ac-versailles.fr\/wp-content\/uploads\/sites\/440\/2026\/01\/jfa2025-visuel-site-jpg-50237-2-300x164.jpg\" class=\"pt-cv-thumbnail\" alt=\"\" srcset=\"https:\/\/clg-daubigny-auvers.ac-versailles.fr\/wp-content\/uploads\/sites\/440\/2026\/01\/jfa2025-visuel-site-jpg-50237-2-300x164.jpg 300w, https:\/\/clg-daubigny-auvers.ac-versailles.fr\/wp-content\/uploads\/sites\/440\/2026\/01\/jfa2025-visuel-site-jpg-50237-2-768x419.jpg 768w, https:\/\/clg-daubigny-auvers.ac-versailles.fr\/wp-content\/uploads\/sites\/440\/2026\/01\/jfa2025-visuel-site-jpg-50237-2.jpg 800w\" sizes=\"auto, (max-width: 300px) 100vw, 300px\" \/><\/a>\n<h4 class=\"pt-cv-title\"><a href=\"https:\/\/clg-daubigny-auvers.ac-versailles.fr\/?p=2505\" class=\"_self\" target=\"_self\" >Journ\u00e9e franco-allemande<\/a><\/h4>\n<div class=\"pt-cv-content\">Madame, Monsieur, Chers \u00e9l\u00e8ves, Dans le cadre de la Journ\u00e9e franco-allemande, le coll\u00e8ge participera \u00e0 cette c\u00e9l\u00e9bration le jeudi 22 ...<br \/><div class=\"pt-cv-rmwrap\"><a href=\"https:\/\/clg-daubigny-auvers.ac-versailles.fr\/?p=2505\" class=\"_self pt-cv-readmore btn btn-success\" target=\"_self\">Lire la suite\u2026<\/a><\/div><\/div><\/div><\/div>\n<div class=\"col-md-6 col-sm-6 col-xs-12 pt-cv-content-item pt-cv-1-col\" ><div class='pt-cv-ifield'><a href=\"https:\/\/clg-daubigny-auvers.ac-versailles.fr\/?p=2501\" class=\"_self pt-cv-href-thumbnail pt-cv-thumb-default\" target=\"_self\" ><img loading=\"lazy\" decoding=\"async\" width=\"300\" height=\"300\" src=\"https:\/\/clg-daubigny-auvers.ac-versailles.fr\/wp-content\/uploads\/sites\/440\/2026\/01\/logo-podcast-300x300.png\" class=\"pt-cv-thumbnail\" alt=\"\" srcset=\"https:\/\/clg-daubigny-auvers.ac-versailles.fr\/wp-content\/uploads\/sites\/440\/2026\/01\/logo-podcast-300x300.png 300w, https:\/\/clg-daubigny-auvers.ac-versailles.fr\/wp-content\/uploads\/sites\/440\/2026\/01\/logo-podcast-150x150.png 150w, https:\/\/clg-daubigny-auvers.ac-versailles.fr\/wp-content\/uploads\/sites\/440\/2026\/01\/logo-podcast-768x768.png 768w, https:\/\/clg-daubigny-auvers.ac-versailles.fr\/wp-content\/uploads\/sites\/440\/2026\/01\/logo-podcast.png 1024w\" sizes=\"auto, (max-width: 300px) 100vw, 300px\" \/><\/a>\n<h4 class=\"pt-cv-title\"><a href=\"https:\/\/clg-daubigny-auvers.ac-versailles.fr\/?p=2501\" class=\"_self\" target=\"_self\" >Podcast : 100% Sport DAUBIGNY<\/a><\/h4>\n<div class=\"pt-cv-content\">Dans le cadre de la classe m\u00e9dia\u00a0(4e Laurier), nous sommes heureux de lancer le podcast\u00a0100 % Sport Daubigny. Le podcast ...<br \/><div class=\"pt-cv-rmwrap\"><a href=\"https:\/\/clg-daubigny-auvers.ac-versailles.fr\/?p=2501\" class=\"_self pt-cv-readmore btn btn-success\" target=\"_self\">Lire la suite\u2026<\/a><\/div><\/div><\/div><\/div>\n<div class=\"col-md-6 col-sm-6 col-xs-12 pt-cv-content-item pt-cv-1-col\" ><div class='pt-cv-ifield'><a href=\"https:\/\/clg-daubigny-auvers.ac-versailles.fr\/?p=2439\" class=\"_self pt-cv-href-thumbnail pt-cv-thumb-default\" target=\"_self\" ><img loading=\"lazy\" decoding=\"async\" width=\"212\" height=\"300\" src=\"https:\/\/clg-daubigny-auvers.ac-versailles.fr\/wp-content\/uploads\/sites\/440\/2025\/12\/Classe-Laurier-Info-Com-212x300.jpg\" class=\"pt-cv-thumbnail\" alt=\"\" srcset=\"https:\/\/clg-daubigny-auvers.ac-versailles.fr\/wp-content\/uploads\/sites\/440\/2025\/12\/Classe-Laurier-Info-Com-212x300.jpg 212w, https:\/\/clg-daubigny-auvers.ac-versailles.fr\/wp-content\/uploads\/sites\/440\/2025\/12\/Classe-Laurier-Info-Com-e1767022609680.jpg 231w\" sizes=\"auto, (max-width: 212px) 100vw, 212px\" \/><\/a>\n<h4 class=\"pt-cv-title\"><a href=\"https:\/\/clg-daubigny-auvers.ac-versailles.fr\/?p=2439\" class=\"_self\" target=\"_self\" >Nouveau : le premier num\u00e9ro du CLIC !<\/a><\/h4>\n<div class=\"pt-cv-content\">Voici le Hors-s\u00e9rie du CLIC, le nouveau magazine de la classe m\u00e9dias ! CLIC = Classe Laurier Info Com Les ...<br \/><div class=\"pt-cv-rmwrap\"><a href=\"https:\/\/clg-daubigny-auvers.ac-versailles.fr\/?p=2439\" class=\"_self pt-cv-readmore btn btn-success\" target=\"_self\">Lire la suite\u2026<\/a><\/div><\/div><\/div><\/div>\n<div class=\"col-md-6 col-sm-6 col-xs-12 pt-cv-content-item pt-cv-1-col\" ><div class='pt-cv-ifield'><a href=\"https:\/\/clg-daubigny-auvers.ac-versailles.fr\/?p=2398\" class=\"_self pt-cv-href-thumbnail pt-cv-thumb-default\" target=\"_self\" ><img loading=\"lazy\" decoding=\"async\" width=\"225\" height=\"300\" src=\"https:\/\/clg-daubigny-auvers.ac-versailles.fr\/wp-content\/uploads\/sites\/440\/2025\/12\/cab0c9fa-44b6-4fab-b4c3-470214ff0adf-225x300.jpg\" class=\"pt-cv-thumbnail\" alt=\"\" srcset=\"https:\/\/clg-daubigny-auvers.ac-versailles.fr\/wp-content\/uploads\/sites\/440\/2025\/12\/cab0c9fa-44b6-4fab-b4c3-470214ff0adf-225x300.jpg 225w, https:\/\/clg-daubigny-auvers.ac-versailles.fr\/wp-content\/uploads\/sites\/440\/2025\/12\/cab0c9fa-44b6-4fab-b4c3-470214ff0adf-768x1024.jpg 768w, https:\/\/clg-daubigny-auvers.ac-versailles.fr\/wp-content\/uploads\/sites\/440\/2025\/12\/cab0c9fa-44b6-4fab-b4c3-470214ff0adf-1152x1536.jpg 1152w, https:\/\/clg-daubigny-auvers.ac-versailles.fr\/wp-content\/uploads\/sites\/440\/2025\/12\/cab0c9fa-44b6-4fab-b4c3-470214ff0adf.jpg 1536w\" sizes=\"auto, (max-width: 225px) 100vw, 225px\" \/><\/a>\n<h4 class=\"pt-cv-title\"><a href=\"https:\/\/clg-daubigny-auvers.ac-versailles.fr\/?p=2398\" class=\"_self\" target=\"_self\" >Championnat par \u00e9quipe d&rsquo;\u00e9tablissement \u00e0 Jouy le Moutier ce mercredi 17 d\u00e9cembre 2025 pour 2 \u00e9quipes de 4 \u00e9l\u00e8ves d&rsquo;Auvers sur Oise<\/a><\/h4>\n<div class=\"pt-cv-content\">Deux \u00e9quipes de 4 pongistes (2filles et 2 gar\u00e7ons) ont bien repr\u00e9sent\u00e9es le coll\u00e8ge Daubigny d'Auvers sur Oise aux championnat ...<br \/><div class=\"pt-cv-rmwrap\"><a href=\"https:\/\/clg-daubigny-auvers.ac-versailles.fr\/?p=2398\" class=\"_self pt-cv-readmore btn btn-success\" target=\"_self\">Lire la suite\u2026<\/a><\/div><\/div><\/div><\/div><\/div><\/div>\n<div class=\" pt-cv-pagination-wrapper\"><ul class=\"pt-cv-pagination pt-cv-ajax pagination\" data-totalpages=\"3\" data-currentpage=\"1\" data-sid=\"ba14006ine\" data-unid=\"\" data-isblock=\"\" data-postid=\"\"><li class=\"active\"><a href=\"#\">1<\/a><\/li>\n\t<li ><a class=\"\" href=\"https:\/\/clg-daubigny-auvers.ac-versailles.fr\/index.php\/?_page=2&#038;rest_route=%2Fwp%2Fv2%2Fpages%2F185\">2<\/a><\/li>\n\t<li ><a class=\"\" href=\"https:\/\/clg-daubigny-auvers.ac-versailles.fr\/index.php\/?_page=3&#038;rest_route=%2Fwp%2Fv2%2Fpages%2F185\">3<\/a><\/li>\n\t<li ><a class=\" \" href=\"https:\/\/clg-daubigny-auvers.ac-versailles.fr\/index.php\/?_page=2&#038;rest_route=%2Fwp%2Fv2%2Fpages%2F185\">&rsaquo;<\/a><\/li>\n\t<\/ul><img loading=\"lazy\" decoding=\"async\" width=\"15\" height=\"15\" class=\"pt-cv-spinner\" alt=\"Chargement\u2026\" src=\"data:image\/gif;base64,R0lGODlhDwAPALMPAMrKygwMDJOTkz09PZWVla+vr3p6euTk5M7OzuXl5TMzMwAAAJmZmWZmZszMzP\/\/\/yH\/C05FVFNDQVBFMi4wAwEAAAAh+QQFCgAPACwAAAAADwAPAAAEQvDJaZaZOIcV8iQK8VRX4iTYoAwZ4iCYoAjZ4RxejhVNoT+mRGP4cyF4Pp0N98sBGIBMEMOotl6YZ3S61Bmbkm4mAgAh+QQFCgAPACwAAAAADQANAAAENPDJSRSZeA418itN8QiK8BiLITVsFiyBBIoYqnoewAD4xPw9iY4XLGYSjkQR4UAUD45DLwIAIfkEBQoADwAsAAAAAA8ACQAABC\/wyVlamTi3nSdgwFNdhEJgTJoNyoB9ISYoQmdjiZPcj7EYCAeCF1gEDo4Dz2eIAAAh+QQFCgAPACwCAAAADQANAAAEM\/DJBxiYeLKdX3IJZT1FU0iIg2RNKx3OkZVnZ98ToRD4MyiDnkAh6BkNC0MvsAj0kMpHBAAh+QQFCgAPACwGAAAACQAPAAAEMDC59KpFDll73HkAA2wVY5KgiK5b0RRoI6MuzG6EQqCDMlSGheEhUAgqgUUAFRySIgAh+QQFCgAPACwCAAIADQANAAAEM\/DJKZNLND\/kkKaHc3xk+QAMYDKsiaqmZCxGVjSFFCxB1vwy2oOgIDxuucxAMTAJFAJNBAAh+QQFCgAPACwAAAYADwAJAAAEMNAs86q1yaWwwv2Ig0jUZx3OYa4XoRAfwADXoAwfo1+CIjyFRuEho60aSNYlOPxEAAAh+QQFCgAPACwAAAIADQANAAAENPA9s4y8+IUVcqaWJ4qEQozSoAzoIyhCK2NFU2SJk0hNnyEOhKR2AzAAj4Pj4GE4W0bkJQIAOw==\" \/><div class=\"clear pt-cv-clear-pagination\"><\/div><\/div><\/div>\n<p>&nbsp;<\/p>\n<p><span style=\"color: #3366ff\"><a style=\"color: #3366ff\" href=\"https:\/\/clg-daubigny-auvers.ac-versailles.fr\/wp-login.php?redirect_to=http%3A%2F%2Fclg-daubigny-auvers.ac-versailles.fr%2Fwp-admin%2F&amp;reauth=1\">Connexion acc\u00e8s r\u00e9serv\u00e9<\/a><\/span><\/p>\n","protected":false},"excerpt":{"rendered":"<p>Vous \u00eates sur la page d&rsquo;accueil du nouveau site internet du coll\u00e8ge Charles-Fran\u00e7ois Daubigny . Vous trouverez sur ce site,<\/p>\n","protected":false},"author":2773,"featured_media":0,"parent":0,"menu_order":0,"comment_status":"closed","ping_status":"closed","template":"","meta":{"colormag_page_container_layout":"no_sidebar_full_width","colormag_page_sidebar_layout":"right_sidebar","_mc_calendar":[],"footnotes":""},"class_list":["post-185","page","type-page","status-publish","hentry"],"_links":{"self":[{"href":"https:\/\/clg-daubigny-auvers.ac-versailles.fr\/index.php?rest_route=\/wp\/v2\/pages\/185","targetHints":{"allow":["GET"]}}],"collection":[{"href":"https:\/\/clg-daubigny-auvers.ac-versailles.fr\/index.php?rest_route=\/wp\/v2\/pages"}],"about":[{"href":"https:\/\/clg-daubigny-auvers.ac-versailles.fr\/index.php?rest_route=\/wp\/v2\/types\/page"}],"author":[{"embeddable":true,"href":"https:\/\/clg-daubigny-auvers.ac-versailles.fr\/index.php?rest_route=\/wp\/v2\/users\/2773"}],"replies":[{"embeddable":true,"href":"https:\/\/clg-daubigny-auvers.ac-versailles.fr\/index.php?rest_route=%2Fwp%2Fv2%2Fcomments&post=185"}],"version-history":[{"count":9,"href":"https:\/\/clg-daubigny-auvers.ac-versailles.fr\/index.php?rest_route=\/wp\/v2\/pages\/185\/revisions"}],"predecessor-version":[{"id":1995,"href":"https:\/\/clg-daubigny-auvers.ac-versailles.fr\/index.php?rest_route=\/wp\/v2\/pages\/185\/revisions\/1995"}],"wp:attachment":[{"href":"https:\/\/clg-daubigny-auvers.ac-versailles.fr\/index.php?rest_route=%2Fwp%2Fv2%2Fmedia&parent=185"}],"curies":[{"name":"wp","href":"https:\/\/api.w.org\/{rel}","templated":true}]}}