{"id":2005,"date":"2024-04-21T19:42:07","date_gmt":"2024-04-21T17:42:07","guid":{"rendered":"https:\/\/clg-daubigny-auvers.ac-versailles.fr\/?page_id=2005"},"modified":"2024-07-10T21:37:40","modified_gmt":"2024-07-10T19:37:40","slug":"la-chorale","status":"publish","type":"page","link":"https:\/\/clg-daubigny-auvers.ac-versailles.fr\/?page_id=2005","title":{"rendered":"La Chorale"},"content":{"rendered":"<p>Voici le travail de la chorale sur le th\u00e8me du sport ! D\u00e9couvrez leurs clips vid\u00e9os !<\/p>\n<p>&nbsp;<\/p>\n<h3>Les As des Arts martiaux !<\/h3>\n<p><a href=\"http:\/\/&lt;iframe title=&quot;Les as des arts martiaux&quot; width=&quot;560&quot; height=&quot;315&quot; src=&quot;https:\/\/tube- arts-lettres-sciences-humaines.apps.education. fr\/videos\/embed\/1b2afa8f-1a96-4d05-b5a7- 0b33efc72dd5&quot; frameborder=&quot;0&quot; allowfullscreen=&quot;&quot; sandbox=&quot;allow-same-origin allow-scripts allow-popups&quot;&gt;&lt;\/iframe&gt;\"><img loading=\"lazy\" decoding=\"async\" class=\"alignnone size-medium wp-image-2072\" src=\"https:\/\/clg-daubigny-auvers.ac-versailles.fr\/wp-content\/uploads\/sites\/440\/2024\/07\/Les-arts-martiaux-300x156.jpg\" alt=\"\" width=\"300\" height=\"156\" srcset=\"https:\/\/clg-daubigny-auvers.ac-versailles.fr\/wp-content\/uploads\/sites\/440\/2024\/07\/Les-arts-martiaux-300x156.jpg 300w, https:\/\/clg-daubigny-auvers.ac-versailles.fr\/wp-content\/uploads\/sites\/440\/2024\/07\/Les-arts-martiaux-1180x615.jpg 1180w, https:\/\/clg-daubigny-auvers.ac-versailles.fr\/wp-content\/uploads\/sites\/440\/2024\/07\/Les-arts-martiaux-768x400.jpg 768w, https:\/\/clg-daubigny-auvers.ac-versailles.fr\/wp-content\/uploads\/sites\/440\/2024\/07\/Les-arts-martiaux-1536x800.jpg 1536w, https:\/\/clg-daubigny-auvers.ac-versailles.fr\/wp-content\/uploads\/sites\/440\/2024\/07\/Les-arts-martiaux.jpg 1545w\" sizes=\"auto, (max-width: 300px) 100vw, 300px\" \/> <\/a><\/p>\n<p>&nbsp;<\/p>\n<h3>Parcours sant\u00e9 !<\/h3>\n<p><a href=\"http:\/\/&lt;iframe title=&quot;Parcours sant\u00e9&quot; width=&quot;560&quot; height=&quot;315&quot; src=&quot;https:\/\/tube-arts-lettres- sciences-humaines.apps.education. fr\/videos\/embed\/7edc81a6-4acb-47d8-a4d5- 2541a55f3c54&quot; frameborder=&quot;0&quot; allowfullscreen=&quot;&quot; sandbox=&quot;allow-same-origin allow-scripts allow-popups&quot;&gt;&lt;\/iframe&gt;\"><img loading=\"lazy\" decoding=\"async\" class=\"alignnone size-medium wp-image-2073\" src=\"https:\/\/clg-daubigny-auvers.ac-versailles.fr\/wp-content\/uploads\/sites\/440\/2024\/07\/Parcours-sante-300x158.jpg\" alt=\"\" width=\"300\" height=\"158\" srcset=\"https:\/\/clg-daubigny-auvers.ac-versailles.fr\/wp-content\/uploads\/sites\/440\/2024\/07\/Parcours-sante-300x158.jpg 300w, https:\/\/clg-daubigny-auvers.ac-versailles.fr\/wp-content\/uploads\/sites\/440\/2024\/07\/Parcours-sante-1180x620.jpg 1180w, https:\/\/clg-daubigny-auvers.ac-versailles.fr\/wp-content\/uploads\/sites\/440\/2024\/07\/Parcours-sante-768x403.jpg 768w, https:\/\/clg-daubigny-auvers.ac-versailles.fr\/wp-content\/uploads\/sites\/440\/2024\/07\/Parcours-sante-1536x807.jpg 1536w, https:\/\/clg-daubigny-auvers.ac-versailles.fr\/wp-content\/uploads\/sites\/440\/2024\/07\/Parcours-sante-390x205.jpg 390w, https:\/\/clg-daubigny-auvers.ac-versailles.fr\/wp-content\/uploads\/sites\/440\/2024\/07\/Parcours-sante.jpg 1544w\" sizes=\"auto, (max-width: 300px) 100vw, 300px\" \/><\/a><\/p>\n<p>&nbsp;<\/p>\n<p>F\u00e9licitations aux \u00e9l\u00e8ves et \u00e0 leur professeur !!!!!<\/p>\n","protected":false},"excerpt":{"rendered":"<p>Voici le travail de la chorale sur le th\u00e8me du sport ! D\u00e9couvrez leurs clips vid\u00e9os ! &nbsp; Les As<\/p>\n","protected":false},"author":3402,"featured_media":1189,"parent":1952,"menu_order":0,"comment_status":"closed","ping_status":"closed","template":"","meta":{"colormag_page_container_layout":"default_layout","colormag_page_sidebar_layout":"default_layout","_mc_calendar":[],"footnotes":""},"class_list":["post-2005","page","type-page","status-publish","has-post-thumbnail","hentry"],"_links":{"self":[{"href":"https:\/\/clg-daubigny-auvers.ac-versailles.fr\/index.php?rest_route=\/wp\/v2\/pages\/2005","targetHints":{"allow":["GET"]}}],"collection":[{"href":"https:\/\/clg-daubigny-auvers.ac-versailles.fr\/index.php?rest_route=\/wp\/v2\/pages"}],"about":[{"href":"https:\/\/clg-daubigny-auvers.ac-versailles.fr\/index.php?rest_route=\/wp\/v2\/types\/page"}],"author":[{"embeddable":true,"href":"https:\/\/clg-daubigny-auvers.ac-versailles.fr\/index.php?rest_route=\/wp\/v2\/users\/3402"}],"replies":[{"embeddable":true,"href":"https:\/\/clg-daubigny-auvers.ac-versailles.fr\/index.php?rest_route=%2Fwp%2Fv2%2Fcomments&post=2005"}],"version-history":[{"count":3,"href":"https:\/\/clg-daubigny-auvers.ac-versailles.fr\/index.php?rest_route=\/wp\/v2\/pages\/2005\/revisions"}],"predecessor-version":[{"id":2076,"href":"https:\/\/clg-daubigny-auvers.ac-versailles.fr\/index.php?rest_route=\/wp\/v2\/pages\/2005\/revisions\/2076"}],"up":[{"embeddable":true,"href":"https:\/\/clg-daubigny-auvers.ac-versailles.fr\/index.php?rest_route=\/wp\/v2\/pages\/1952"}],"wp:featuredmedia":[{"embeddable":true,"href":"https:\/\/clg-daubigny-auvers.ac-versailles.fr\/index.php?rest_route=\/wp\/v2\/media\/1189"}],"wp:attachment":[{"href":"https:\/\/clg-daubigny-auvers.ac-versailles.fr\/index.php?rest_route=%2Fwp%2Fv2%2Fmedia&parent=2005"}],"curies":[{"name":"wp","href":"https:\/\/api.w.org\/{rel}","templated":true}]}}